 v = t - -21. What are the prime factors of v?
2, 5
Let h be 1 + -1 + 23 + 2. Suppose 3*r = -2*r + h. Suppose 5*z - r*s = 55, -3*s - 65 = -2*z - 3*z. List the prime factors of z.
2
Let c be (-3)/(0 + -1) + -3. Suppose -2*n + 45 - 9 = c. List the prime factors of n.
2, 3
Let m = 11 - 8. Suppose x - y - 4 = 0, -4*x - m*y + 23 = -0*y. What are the prime factors of x?
5
Suppose -w + 4*w = 0, a + 4*w - 52 = 0. What are the prime factors of a?
2, 13
Let r be 50/((2 + 0)/2). Suppose -2*s + r = 3*s. List the prime factors of s.
2, 5
Let b = 13 + 26. Let o = b - 26. List the prime factors of o.
13
Let h be ((-20)/8 + -3)*4. Let v = 39 + h. What are the prime factors of v?
17
Let q = -439 - -718. List the prime factors of q.
3, 31
Let c(s) = -s + 4. Let z be -5 + -1*(0 + 1). What are the prime factors of c(z)?
2, 5
Let o = 51 + -36. List the prime factors of o.
3, 5
Let t be 0/(-2 + -1 + 1). Let b = t + 3. List the prime factors of (-3)/((-3)/(b*2)).
2, 3
Let i(s) = -11*s + 1. Let l(r) = 11*r - 2. Let t(o) = 5*i(o) + 4*l(o). What are the prime factors of t(-2)?
19
Let y(p) = -2*p**2 + 4*p - 7. Let i(a) = a**2 - 3*a + 8. Let c(b) = 3*i(b) + 2*y(b). Let h = 0 + 0. List the prime factors of c(h).
2, 5
Suppose -g = g - 4. What are the prime factors of g?
2
Suppose 24*h + 69 = 25*h. List the prime factors of h.
3, 23
Suppose 2 = 4*v + v - 2*f, 3*v = -3*f - 3. Suppose -i + 8 = 2*x, v - 7 = -x + i. What are the prime factors of x?
5
What are the prime factors of 232/5 - 2/5?
2, 23
Let u(j) = 6*j - 9. List the prime factors of u(5).
3, 7
Let n(o) = -o**2 - o + 12. Suppose -6*h + 9*h = 0. What are the prime factors of n(h)?
2, 3
Suppose -2*d = -129 - 55. List the prime factors of d.
2, 23
Let l = 7 + -4. Suppose y - 2*g = 9, -4*g + 19 = l*y - 6*g. List the prime factors of y.
5
Let a = 65 + -41. What are the prime factors of (3/(-3))/((-1)/a)?
2, 3
Let v = -2 - -2. Suppose v*g + 3*g - 6 = 0. Suppose 5*j = 5*q + 15 + 5, -5*j - 4*q = -g. What are the prime factors of j?
2
Suppose -j = -5*i, 2*i - 26 = 3*j - 0*i. Let a = -26 + 47. Let x = j + a. What are the prime factors of x?
11
Suppose -b = 3*g - 28, 2*b + 0 = -4. Let s(u) = 2*u + 2. List the prime factors of s(g).
2, 11
Suppose -6*d + 125 = -487. List the prime factors of d.
2, 3, 17
Let v(i) = 57*i**2 - i + 1. Let x be v(1). Let q = -13 + x. List the prime factors of q.
2, 11
Suppose -3*v + 4*s - 18 = -2*v, 0 = -4*v + s + 3. Suppose v = 3*f - 7. List the prime factors of f.
3
Let y(i) = i**2 + i - 8. What are the prime factors of y(9)?
2, 41
List the prime factors of ((-176)/4 - -2)/(-1).
2, 3, 7
Let k(j) = j + 5. Let q be k(-5). Suppose o = 3 - q. What are the prime factors of o?
3
Let w(m) = m. Let r be 6/9 - (-16)/3. Suppose -f - 30 = -r*f. What are the prime factors of w(f)?
2, 3
Suppose 2*y = -x - x - 8, -4*x = -3*y + 9. Let a be (y + 5 + -1)/3. Suppose -3*p + 8 = -a. List the prime factors of p.
3
Let b(r) = -r - 1. Let u(d) = -6*d**2 + 1. Let o be u(-1). List the prime factors of b(o).
2
Suppose k = -4 + 9. Let s = -1 - -3. Suppose -3*j - 16 = -s*f + 16, -3*j - 71 = -k*f. List the prime factors of f.
13
Let u(d) = -d - 45. Let l be u(0). Let p be (486/l)/(2/(-10)). What are the prime factors of p/(-8)*16/(-6)?
2, 3
Let c = -12 - -15. Suppose -6 = q - c*q. List the prime factors of q.
3
Let g = 13 + 2. What are the prime factors of (-20)/(-3) - (-5)/g?
7
Suppose -h = -3*h. Suppose 0 = 2*i - h*i - 18. What are the prime factors of i?
3
Let u be (-7)/((-14)/(-8) + -2). Suppose 0*p + n = 5*p - 46, -u = -2*p - 2*n. What are the prime factors of p?
2, 5
Let t = 28 - 17. Suppose 3*a = x - t, -5 = -0*x + 2*x + 3*a. List the prime factors of 18*(-1)/(-4)*x.
3
Let p(r) = -r**3 + 2*r + 35. Let u be p(0). Suppose 2*b = -4*z + 36, 0 = 3*b - 5*b - 5*z + u. List the prime factors of b.
2, 5
Suppose z = 3*d + 32, 132 - 34 = 4*z + 3*d. List the prime factors of z.
2, 13
What are the prime factors of 2/11 - 700/(-22)?
2
Let v = 12 - 17. Let j(i) = -4*i - 5. List the prime factors of j(v).
3, 5
Let s(v) = -v**3 + 2*v + 1. Let c(z) = z**2 - 3*z + 1. Let w be c(2). Let r be s(w). Let n = r - -4. What are the prime factors of n?
2
Suppose k + 0*k = 28. Suppose -4*p + 11 = -1. Suppose n = -p*n + k. What are the prime factors of n?
7
Suppose 0 = 5*s - 0*s - 40. Suppose v + 2 = s. List the prime factors of v.
2, 3
List the prime factors of (-1000)/(-32) - 2/8.
31
Suppose -5*q + 13 = -17. Suppose 0 = -3*v + q, 2*u = -7*v + 2*v + 26. Suppose -u = -2*s + 2. List the prime factors of s.
5
List the prime factors of ((-2)/4)/(6935/3470 + -2).
347
List the prime factors of (6/10)/(4*3/3180).
3, 53
Let x = -8 + 8. Let k be (-2)/(3/(9 - x)). What are the prime factors of 6*(1 + (-2)/k)?
2
Let d(u) = u**3 + 5*u**2 + 3*u - 3. What are the prime factors of d(-3)?
2, 3
Let i = 4 + 11. Let t = 0 + i. List the prime factors of t.
3, 5
Suppose u - 85 = -4*w, -u + 22 = -5*w + 6*w. List the prime factors of w.
3, 7
Let v = 61 - 20. What are the prime factors of v?
41
Let p be 4/8 + 1/(-2). Let l be (13 - p)/((-2)/(-4)). Let f = -16 + l. What are the prime factors of f?
2, 5
Suppose u - 21 - 5 = 0. Suppose u = 2*j - 0*j. What are the prime factors of j?
13
Let a(g) = g**2 + 3*g + 4. Let p be a(-3). Suppose 62 + 26 = p*y. List the prime factors of y.
2, 11
What are the prime factors of (-9)/3 + (0 - -18)?
3, 5
Suppose 3*r - 53 = -3*i + 5*i, 4*r = -i + 56. What are the prime factors of r?
3, 5
Suppose -3*l - 5 = -5*a + 29, -19 = -5*a - 2*l. Suppose 0 = i - a*i - 48. Let c = 20 + i. List the prime factors of c.
2
Suppose 3*x - 23 = -5*q - 120, 0 = -2*q + 5*x - 14. Let z = q + 31. List the prime factors of 46/14 + (-4)/z.
3
Let m be (-5 + 2 - -1)*-1. Let k be m - (0 - -1) - -1. Suppose -k*g = -6, r - g = -r + 13. What are the prime factors of r?
2
Suppose 0*a = 6*a - 372. List the prime factors of a.
2, 31
Let p be 6/(-4 - -2) - -12. Suppose 5*j - 1 = 3*v - 2, -j + 4 = -2*v. Let q = p + j. What are the prime factors of q?
7
Let q(o) = 0 + 9 - 6 - 9*o**2 - o**3 - 2*o - 2. List the prime factors of q(-9).
19
Let q be -2 + (0 - 0) + 20. Let b = q - 9. List the prime factors of b.
3
Let t(p) = -13*p - 18. List the prime factors of t(-11).
5
Let f = 79 + -42. What are the prime factors of f?
37
Suppose -14 + 4 = -5*d. Suppose -d*l = l - 39. What are the prime factors of l?
13
Let g = -3 + 3. Suppose -2*d = 2*i - 34, g = -2*d + i - 2*i + 32. What are the prime factors of d?
3, 5
List the prime factors of (-3)/9 + 244/3.
3
Let k(a) = -a**2 + 8*a + 3. Suppose 3*i = -y + 16, -7*i + y + 32 = -2*i. What are the prime factors of k(i)?
3, 5
Let h(t) = -t**2 - 18*t - 3. What are the prime factors of h(-15)?
2, 3, 7
Suppose -53*a - 1560 = -58*a. List the prime factors of a.
2, 3, 13
Suppose k = -0*k. Let r(j) = -j + 19. Let l be r(k). Suppose -3*d + 55 = l. List the prime factors of d.
2, 3
Let k(u) = -u - 9. Let i = 1 - 7. Let h be k(i). Let q = h - -14. What are the prime factors of q?
11
Let x(n) = -12*n - 35. What are the prime factors of x(-10)?
5, 17
Let l be 0/(2*2/(-4)). Suppose -5*o = -2*s, -o + 3*s - 17 + 4 = 0. Suppose l + 20 = o*h. What are the prime factors of h?
2, 5
Suppose -4*q + 54 = 2*a, 4*q - 2*q = -3*a + 29. Suppose -v + 39 = q. List the prime factors of v.
2, 13
Let w(r) = 5*r + 1. Let s be w(-1). Let b be (18/s)/((-3)/30). Suppose -66 = -4*g - 2*x, -2*g = 2*g - 5*x - b. List the prime factors of g.
3, 5
Let q be (15/6)/((-3)/(-6)). Suppose -o + 2*o - 103 = -5*d, -2*d + q*o + 52 = 0. List the prime factors of d.
3, 7
Suppose -4*p = -5*r - 2, 0 = 3*r + 2*p - 4 - 8. Let j = -1 + r. Let u(t) = 8*t**2 + t - 1. List the prime factors of u(j).
2
Let y = 12 - 8. What are the prime factors of y?
2
Suppose 0 = p + 2*f - 56, 0 = -2*p + 2*f + 106 + 24. List the prime factors of p.
2, 31
Let s(t) = -t**3 - 7*t**2 - 2*t - 6. Let p be s(-7). Let x(q) = 10*q**2 - 3 - 9*q**3 - p*q + 0*q**2 + 8*q**3. List the prime factors of x(9).
2, 3
Let s = 37 - 23. What are the prime factors of s?
2, 7
Suppose 0 = -0*l - 4*l - 24. Let w(r) = 5*r**2 - 3*r + 13. Let s(z) = 14*z**2 - 8*z + 38. Let u(k) = l*s(k) + 17*w(k). What are the prime factors of u(5)?
3
Let d(c) = 34*c**3 + c. Let m be d(1). Suppose 22 = 4*v + 2*s - s, 5*v = -5*s + m. Suppose 4*g - 10 = -2*f, -g - 